 = 124235. What is the thousands digit of b?
8
Let v(s) = 23*s**3 + 3*s**2 + 21*s - 16. What is the hundreds digit of v(5)?
0
Let v be 0*4/16 - 60. Let i = -13 + 19. What is the tens digit of ((-26)/5)/(i/v)?
5
Let d(k) = 24*k + 22*k + 49 - 17*k + 2 + 91. What is the hundreds digit of d(35)?
1
Let u(j) = 8*j**3 + 595*j**2 + 170*j - 91. What is the units digit of u(-74)?
7
Suppose 0 = 4*j, -8 = 3*o + o + j. What is the thousands digit of (63100/(-250))/(o/10)?
1
Let x be ((-651)/5)/((-7)/35). Suppose 2*h + 3*h - 660 = -5*l, -5*l + x = -4*h. What is the tens digit of l?
3
Suppose 0 = -2*d + 6*d - 28. Suppose 0 = -4*r + d*r - 6. Suppose 0 = -3*l - 0*y - r*y + 181, 5*l + y = 297. What is the units digit of l?
9
Let h(o) = 576*o**2 - 94*o + 101. What is the ten thousands digit of h(13)?
9
Suppose -416*z + 430*z = -28. Let f(c) = 307*c**2 + 3*c - 3. What is the thousands digit of f(z)?
1
Let a = 59 + -47. Suppose -6*y + 22 = -3*y - 5*u, 0 = -y + 4*u + a. What is the tens digit of (69/(-2))/(17/(-4) + y)?
3
Let g = 49 + -43. Suppose 5*k + u - 2697 = 0, g*k = 9*k + 3*u - 1623. What is the tens digit of k?
3
Let m = 71 + -54. Suppose 7*w + 9710 = m*w. What is the tens digit of w?
7
What is the tens digit of 35*73 + (22 - 17)?
6
Suppose 0 = -2*z + 7*z + c - 3210, -1926 = -3*z + 2*c. Suppose -3*l - l - 5*b = -z, -5*l + 4*b + 823 = 0. What is the hundreds digit of l?
1
What is the units digit of (-797091)/(-645)*(-10)/(-1)?
8
Let f be -42*((-84)/18 - -4). Suppose -f*h - 1818 = -6214. What is the hundreds digit of h?
1
Let p(b) = 30*b**2 - 9*b - 109. Let k be p(-7). Let y = k + -333. What is the units digit of y?
1
Let b(j) = 3*j - 6. Let a be b(7). Let x be 1448/(-181)*2*10/(-8). What is the units digit of 3608/x + a/25?
1
Let a(u) = 103*u**2 - u + 1. Let j be a(1). Let s(p) = -p**2 + 27*p - 201. Let k be s(11). Let q = k + j. What is the units digit of q?
8
Let c be (-2 - 1 - 0)/((-4)/328). Suppose n = -n + c. What is the hundreds digit of n?
1
Let a = -66 + 84. What is the hundreds digit of 920551/549 + 4/a?
6
Let m be (-4)/(-38) - (21/19 + -1). Suppose -5*g - 2*n + 1350 = m, -3*g + 6*g - 5*n = 810. What is the tens digit of g?
7
Suppose 94*f = 86*f + 257760. What is the hundreds digit of (1 - 18/10) + f/25?
2
Let x be ((-2)/3)/((-2)/63). Let t be x/15 - 1 - 14756/(-10). What is the tens digit of t/(-24)*(-4)/6*1?
4
Let w be 4/((-12)/(-141)) + (3 - 2). Suppose -44*q + 32 = -w*q. What is the hundreds digit of 2/q + 1683/12?
1
What is the hundreds digit of 26915/5 + (-1 - (-6 - -10))?
3
Suppose 294*h + 18*h = 4194528. What is the hundreds digit of h?
4
Let b(u) = -49*u - 12. Suppose -2*a = 3*p - 4*a - 4, -3*p - 5*a = 10. Suppose m - 34 + 37 = p. What is the hundreds digit of b(m)?
1
Let n(q) = 223*q**3 - 8*q**2 + 21*q + 26. What is the tens digit of n(3)?
3
Let w(l) be the second derivative of -103*l**3/6 + 165*l**2 + 287*l. What is the tens digit of w(-13)?
6
Suppose -5*c - 14 - 10 = -4*x, 3*c = 5*x - 17. Let z be 2/10*x + (-498)/(-10). Let v = z - -13. What is the units digit of v?
3
Let q(l) = 759*l**3 + l**2 + 46*l - 123. What is the thousands digit of q(3)?
0
Let u = -7707 + 14966. What is the units digit of u?
9
Suppose -657 = -54*q + 320 + 1021. What is the tens digit of q?
3
Suppose -14*a + 18*a = -224. Let u = a - -104. What is the tens digit of u?
4
Let p = 152802 + -96888. What is the thousands digit of p?
5
What is the thousands digit of 65756/17 - (-12)/3?
3
Suppose -68*y + l = -64*y - 16442, -5*y + 20552 = -l. What is the hundreds digit of y?
1
Let n(j) = -14*j**3 + j**2 + 2*j + 1. Suppose -3*q = 3*g, 0 = -27*q + 26*q + 4*g - 15. What is the hundreds digit of n(q)?
3
Let k be 44/6*(-186)/(-4). Suppose -p = -3*p + 2*c + 350, -k = -2*p + 5*c. What is the units digit of p?
8
Suppose 5*l + 4 = 14. Suppose 2*k - 442 = -l*u, -u - 11*k = -7*k - 236. What is the units digit of u?
6
What is the hundreds digit of (-4143)/(19/((-855)/27))?
9
Suppose -6*o + 4*l = -4*o - 12826, 32093 = 5*o + 4*l. What is the thousands digit of o?
6
Suppose -3*p - 48913 = -4*s, 0 = 4*p - 2*p + 6. What is the tens digit of s?
2
Let y(v) = 97*v - 13. Let b be y(5). Suppose -70*m = -72*m + b. Let s = m + -80. What is the tens digit of s?
5
Suppose 0 = -3*f + 4*g + 180775, -14*f + 18*f + 5*g - 241116 = 0. What is the hundreds digit of f?
2
Let j(v) = -30 + 0*v**2 + 59 - 69*v - 6 + 80 + 2*v**2. What is the tens digit of j(44)?
3
Let u = -25728 + 37059. What is the units digit of u?
1
Let g be (8 + (-44)/6)*(34 - 1). Suppose -12*a = -g*a + 4000. What is the tens digit of a?
0
Suppose -354*k + 3493122 - 836938 = -1061170. What is the ten thousands digit of k?
1
Suppose 167 = -b + 168, 2*h + 3*b = 12425. What is the units digit of h?
1
Suppose 3*o + 507*a = 511*a + 3100, 4*o - 4140 = 2*a. What is the tens digit of o?
3
Let b(z) = 42*z**2. Let p be b(1). Let i = 34 - 37. What is the tens digit of ((-7)/i)/(2/p)?
4
Suppose -3*d = 5*l - 15, l + 3*d = -l + 15. Let p be -2 + 1 + 3 + l. What is the tens digit of (-6)/4 + 51/p?
2
Let q = -694 - -692. Let i be -32*(0 + 10/8). What is the tens digit of 2/5 + q + (-10944)/i?
7
Suppose x + 0*x = -4. Let k be 2/8 - (-977)/x. What is the tens digit of 5/(-30)*k - 1/(-3)?
4
Let i be (-7 - -7) + 3/(-3 - 0). Let h be (((-36)/(-10))/6)/(i/(-5)). Suppose -5*x - 63 = -4*c, -h*c + 8*x = 3*x - 41. What is the tens digit of c?
2
Let c(z) = -3*z + 6. Let h(p) = -p**2 - 12*p. Let u be h(-12). Let w be c(u). Suppose -w*d = -14*d + 920. What is the units digit of d?
5
Suppose 0 = -5*m + 2*o - 7*o + 2665, 4*m = 5*o + 2114. Let w = 642 - m. What is the hundreds digit of w?
1
Suppose -18*f + 15978 = m - 21*f, -m = 5*f - 16010. What is the units digit of m?
0
Suppose -5*q + 3*f = 5433, 2*q = -2*q - 4*f - 4340. Let d = 1830 + q. What is the hundreds digit of d?
7
Suppose 25 = 3*h - 4*o + 1031, 3*h - 3*o = -1002. What is the hundreds digit of (212/(-6))/(20/h)?
5
What is the thousands digit of (-31782)/8*(3 - 9 - -2)?
5
Let t = -55 + 67. Suppose t*g - 21*g = -5508. What is the hundreds digit of g?
6
Suppose -z - 194 = 4*b, -2*z - 5*b = -0*z + 388. Let f = -41 - z. Suppose f + 85 = l. What is the tens digit of l?
3
Suppose 254*b = 298*b - 323312. What is the hundreds digit of b?
3
Let f be 20/6*(-171)/38. What is the tens digit of 5203/33 + 25/f?
5
Let x = 169 + -166. Let k = -55 + 59. Suppose -k*p = 2*o - 164, o + 37 = -x*p + 123. What is the units digit of o?
4
Suppose 188*x - 316417 = 2389228 - 140573. What is the tens digit of x?
4
Let h(x) = -x**3 + 40*x**2 + 190*x - 85. What is the tens digit of h(28)?
4
Suppose 53322 = 9*d - 33330. What is the hundreds digit of d?
6
Let s = -1973 - -2494. Suppose m + 2*m = -5*x - 1449, -3*x = -5*m + 849. Let r = x + s. What is the hundreds digit of r?
2
What is the units digit of 1 + 7 - 96/(-6)*71?
4
Let z = 661 - 1409. Let t = -440 - z. Suppose -3*m - 2*g = -457, 2*m - t = -0*m - 3*g. What is the units digit of m?
1
Suppose 9*a - 4*a = -5*j + 1245, 0 = -4*a - 3*j + 999. Suppose -2*h + 4*v = -716, -h + v = -a - 101. What is the tens digit of h?
4
Let j(w) = 711*w - 3577. What is the tens digit of j(55)?
2
Let g(q) = -6*q + 28. Let c be g(4). Suppose 2*x - 210 = c*m, 4*x + 2*m = -x + 573. Let s = 160 - x. What is the tens digit of s?
4
Suppose 527 = 3*h - 1189. Suppose -59*v + 54*v - 1464 = -4*w, 0 = 5*w + 3*v - 1830. Let p = h - w. What is the units digit of p?
6
Suppose 10*p = 11*p + 3*j - 10916, 5*j = p - 10868. What is the tens digit of p?
9
Let n(y) = 245*y**2 + 13*y - 42. What is the tens digit of n(4)?
3
Let v = -33416 + 101922. What is the tens digit of v?
0
Let k = -91 - -93. Let z(w) = -47*w**3 + 2*w**2 + 4*w - 6. Let t be z(k). Let b = -225 - t. What is the units digit of b?
1
What is the hundreds digit of (-1527210)/(-50) - 3 - 5/(-4 + 29)?
5
Let i(b) = -b**3 - 13*b**2 - 29*b + 12. Let t be i(-10). Suppose 2154 + 2757 = 4*w + 5*l, -3666 = -3*w + t*l. What is the units digit of w?
4
Let w(v) = -10*v - 37. Let c = 71 + -68. Let z(i) = -i + 1. Let a(h) = c*z(h) + w(h). What is the tens digit of a(-11)?
0
Let b = -158 - -161. What is the units digit of (-8)/((-12)/b) - -77?
9
Let t = -25 + 26. Let f(z) = 406*z**3 + z**2. Let l be f(t). Let v = -250 + l. What is the tens digit of v?
5
Let p = -7270 + 39565. Wh